2 = -12*p + 13*p - 2*q, 0 = -13*p - 3*q + 1832. Calculate the remainder when 4059 is divided by p.
139
Let d(b) = -7 + 1 + 26*b + 1 - 5 - 1. What is the remainder when 92/2 + -1*2 is divided by d(1)?
14
Let n(f) = f**3 + f**2 - 21*f + 60. Let d be n(4). Suppose -3*a = -0*a - 27. Calculate the remainder when (96/(-64))/((-6)/d) is divided by a.
5
Let p(c) = 25*c**2 - 40*c - 133. What is the remainder when 406 is divided by p(-3)?
194
Suppose 78*a - 215553 - 230981 + 95222 = 0. What is the remainder when a is divided by 41?
35
Let t be 27/3 + (-3 - -9)/(-2). Let l(f) = -25*f - 4. Let s(m) = -25*m - 5. Let v(n) = t*l(n) - 5*s(n). What is the remainder when v(-1) is divided by 14?
12
Calculate the remainder when ((-990)/(-27))/((2/(-120))/(96/(-80))) is divided by 147.
141
Let l(z) = z**2 - 11*z - 511. What is the remainder when 281 is divided by l(-19)?
45
Let o(u) = u**2 + u + 116. Let k = -5798 + 5857. Calculate the remainder when o(0) is divided by k.
57
Calculate the remainder when 3296 is divided by 12/(-22) - ((-1211892)/363 - -43).
1
Suppose -2878 - 6230 = -18*i. Let m = -499 + i. Calculate the remainder when 91 is divided by m.
0
Let z(t) = -t**2 - 14*t + 14. Suppose -4*s + 5*l = 57, -3*l - 35 = 3*s + l. Calculate the remainder when 188 is divided by z(s).
26
Calculate the remainder when 804 is divided by ((4 - 2)/8)/((-287)/(-132020)).
114
Let d be 32/(-3) + 2 + (-8)/24. Let n be 0 + 1 + (d - -7) - 0. What is the remainder when n - (-12*1)/((-3)/(-9)) is divided by 20?
15
Suppose 2*g = 3*g + 3. Let p be g + -1*3/3. Calculate the remainder when 18 is divided by (p - -2)/((-108)/20 - -5).
3
Suppose 44 = k + 13. Let w be ((348/32 + -11)*6)/(1/4). Let z = w + k. Calculate the remainder when 108 is divided by z.
24
Let q(g) = 12*g + 66. Let h be q(-5). Suppose h*f - 61 = -13. What is the remainder when 54 is divided by f?
6
Let q = -98 - -108. Let k = 58 + -25. Calculate the remainder when k is divided by q.
3
Let j = -1 + 35. Suppose -86*g = -77*g - 135. Suppose g*x - 60 = 60. What is the remainder when j is divided by x?
2
Suppose -4*d + 3396 = -504. Calculate the remainder when d is divided by (-141)/(-18) + (-6)/(-36).
7
Calculate the remainder when 844 is divided by (714/1071)/((-4)/(-1686)).
1
Suppose -y - y = -26. Suppose 8*l = y + 59. What is the remainder when 32 is divided by l?
5
Suppose -3*w = -h + 296 + 136, -17*h = 2*w - 7609. Calculate the remainder when h is divided by 10.
7
Suppose -226*g + 240*g = 126. Let h(t) = 3 - 3 - 6 - t**2 - 5*t + 17*t. What is the remainder when h(8) is divided by g?
8
Let v(p) = 46*p**2 + 42*p - 191. What is the remainder when v(4) is divided by 177?
5
Let g(s) = -3*s**3 - 2*s**2 + 2*s + 3. Let w be g(-1). Suppose -9 = -3*n, -4*n + 11 = w*h - 85. What is the remainder when 159 is divided by h?
33
Let g(p) = -2*p**3 + 58*p**2 + 8*p - 104. Let t be g(29). Suppose 56 = 132*c - t*c. Calculate the remainder when 27 is divided by c.
13
Suppose -4*q = -2*p + 202, -1148 = -3*p + 3*q - 821. What is the remainder when p is divided by 40?
37
Suppose -24 - 39 = -4*y + 5*s, -25 = -5*s. Let a = 25464 - 25385. Calculate the remainder when a is divided by y.
13
Suppose -5*r = -4*r - 3. Suppose -469 = -2*f - o + 506, 3*o - 1467 = -r*f. What is the remainder when (8/(-14))/(-2) + f/14 is divided by 12?
11
Suppose 24 = -3*m, 4*t - 1224*m = -1219*m + 172. Suppose -4*q + 4*d = -q - 26, 4*q = 2*d + 28. What is the remainder when t is divided by q?
3
Let z(m) = m**2 - 43*m + 34. Suppose -4*x + 11*p = 13*p - 182, 5*p - 103 = -2*x. Let t(u) = 2*u**2 + 2. What is the remainder when z(x) is divided by t(2)?
8
Let q(h) = 2*h**2 + 31*h - 18. Let v be q(-17). Let y(z) = -z**2 + 36*z - 66. What is the remainder when 109 is divided by y(v)?
10
Calculate the remainder when (96/28)/(-12) - 3200/(-28) is divided by 45.
24
Suppose -2*h - 59 = -5*x - 1, -5*x - 3*h + 38 = 0. Let j = x - -81. Calculate the remainder when 448 is divided by j.
84
Let i = 1040 - 450. Let l(m) = -m**2 + 75*m + 1283. Calculate the remainder when i is divided by l(-14).
35
Let x = 367 - -30. Let u = 402 - x. Calculate the remainder when 67 is divided by u.
2
Let g = 14216 + -14183. Let r = 3 - 3. Suppose r = -2*p + 2*z + 12, -2*p + 3*p - 10 = -3*z. What is the remainder when g is divided by p?
5
Let w(g) be the first derivative of -5*g**4/4 + g**3 + g**2/2 - g + 6. What is the remainder when 34 is divided by w(-1)?
4
Suppose -w + 4*l + 15 = -0*l, 2*w - l = 9. Let x = 13 - w. Suppose 0 = -16*q + 15*q - 5*t + 8, 4 = 4*t. What is the remainder when x is divided by q?
1
Let z = 716 + -130. What is the remainder when z is divided by 74?
68
Suppose 0 = k - 6 - 4. Let x = k - 7. Suppose m - x*y + 0 - 41 = 0, 8 = -2*y. What is the remainder when 83 is divided by m?
25
Let p(j) = -j**2 - 64*j + 344. Calculate the remainder when p(-20) is divided by 247.
236
Let u(x) = -295*x + 683. Calculate the remainder when 234 is divided by u(2).
48
Let s = 3261 + 2835. What is the remainder when s is divided by 61?
57
Suppose 16 = -3*i + q, -12 = 5*i + 4*q + 9. Suppose -6*n + n + 50 = 0. What is the remainder when ((-702)/15)/(2/i) is divided by n?
7
Let g(a) = a**3 - 18*a**2 - 21*a - 19. Let u be g(19). Let q = u + 72. Let i(d) = -d**3 + 11*d**2 + 8*d - 26. What is the remainder when i(9) is divided by q?
13
Let w(c) = -c**2 - 12*c + 7. Let k be w(-9). Suppose d + n - k = -3*n, -d = -4*n - 10. Calculate the remainder when 217 is divided by d.
19
Let y(s) = -1 - 5*s**2 - 2 - 5*s + 0 - 2*s**3. Suppose 3*f = -27, -131*j - 5*f - 70 = -132*j. What is the remainder when y(-5) is divided by j?
22
Let i = -21380 - -22057. Calculate the remainder when i is divided by 139.
121
Let t be 2 - (-1 - (0 - 0)). Let k(b) = -1 + b**2 - 5*b + 2 + b**3 - 2 + 0*b**3. Calculate the remainder when 39 is divided by k(t).
19
Calculate the remainder when 89814/21 + (-149)/(-1043) is divided by 23.
22
Let l = -277 + 325. Calculate the remainder when 1208/(-12)*l/(-32) is divided by 31.
27
Let u(x) = 12*x - 94. Let s(h) = -23*h + 190. Let k(v) = -3*s(v) - 5*u(v). Calculate the remainder when 101 is divided by k(14).
23
Let v(r) be the second derivative of -r**4/12 + r**3/3 + 16*r**2 + 4*r. Let a be v(6). Suppose 7 = g - a. What is the remainder when g is divided by 8?
7
Let r(z) = z**3 + 27*z**2 + 25*z + 50. Let h be r(-26). Let u = 91 - h. Calculate the remainder when 108 is divided by u.
3
Let z(p) = -p**3 + 28*p**2 - 19*p - 208. Calculate the remainder when 381 is divided by z(27).
5
Suppose -3*r - 14 = -65. What is the remainder when r is divided by (-1)/(-3)*1 + 297/81?
1
Suppose 16*k - 2406 = 10*k. Let r = 411 - k. What is the remainder when 53 is divided by r?
3
Let p = -18432 - -21599. What is the remainder when p is divided by 11?
10
Let c be (6/(-15))/((-1)/(-5)). Let a(l) = 2*l**2 - l - 4. Let z = 17 - 13. What is the remainder when a(c) is divided by z?
2
Suppose -19*b + 64*b = 4635. Calculate the remainder when 1539 is divided by b.
97
Let r = 17646 + -12790. What is the remainder when r is divided by 45?
41
Let s = 63 + -65. Let b be 30/(-9)*((-1)/(-2) + s). Suppose b*w - 64 = 3*d, -8 = 2*d - 2. Calculate the remainder when 131 is divided by w.
10
Let z(n) = n**3 + 7*n**2 - 12*n - 31. Suppose -2*f + 5*y + 33 + 24 = 0, -2*f - y + 27 = 0. What is the remainder when z(-6) is divided by f?
13
Let b = 433 + 34. Calculate the remainder when b is divided by 223.
21
Let d(f) = 25*f**2 - 21*f - 126. What is the remainder when d(-5) is divided by 11?
10
Suppose 2*y + 47 = 5*o, -3*o + 4*o = -4*y - 61. What is the remainder when 2*62/y*-4 is divided by 408/36 + (-6)/(-9)?
7
Let q(s) = -3*s**2 - 172*s - 1691. Suppose 2*y + 2*y - 5*o = 65, o = -5*y + 45. What is the remainder when q(-44) is divided by y?
9
Suppose 0*h + 4*h = 40. Suppose 2*j + 6 = 0, -101 = -11*s + 7*s - j. Suppose -51 - 79 = -s*q. Calculate the remainder when h is divided by q.
0
Let j(f) = -f**2 - 5. Let l be j(2). Calculate the remainder when 1191*((-3)/(-3) + 6/l) is divided by 80.
77
Calculate the remainder when 477 is divided by 24/(-60) + 68948/220 + 1*-1.
165
Suppose -47*m - 66*m = -7*m - 5724. Calculate the remainder when 529 is divided by m.
43
Suppose -120*y = 2*y + 244. Suppose 0*k + 536 = 4*k. What is the remainder when (1